{"id":980,"date":"2020-03-23T00:07:54","date_gmt":"2020-03-22T21:07:54","guid":{"rendered":"http:\/\/bandirmaelektrik.com\/?page_id=980"},"modified":"2024-04-22T18:19:49","modified_gmt":"2024-04-22T15:19:49","slug":"elektrikci","status":"publish","type":"page","link":"https:\/\/bandirmaelektrik.com\/","title":{"rendered":"AnaSayfa"},"content":{"rendered":"<p>[vc_row full_width=&#8221;stretch_row_content&#8221;][vc_column][rev_slider_vc alias=&#8221;yedek&#8221;][\/vc_column][\/vc_row][vc_row css=&#8221;.vc_custom_1703093859653{padding-top: 10px !important;padding-bottom: 10px !important;}&#8221;][vc_column][vc_single_image image=&#8221;1076&#8243; alignment=&#8221;center&#8221;][hala_button element_id=&#8221;1587247780982-238d08ea-0184&#8243; template=&#8221;eyJ0ZW1wbGF0ZSI6ImRlZmF1bHQucGhwIiwibGluayI6eyJ0ZXh0IjoiUkVGRVJBTlNMQVJJTUlaIiwidXJsIjoiaHR0cDovL2JhbmRpcm1hZWxla3RyaWsuY29tLz9wYWdlX2lkPTEwNzIifSwiaWNvbl9mb250X2NsYXNzIjoiaGFuZHNoYWtlIiwic2l6ZSI6Im1lZGl1bSIsInBvc2l0aW9uIjoidGV4dC1jZW50ZXIiLCJwb3NpdGlvbl9pY29uIjoicmlnaHQiLCJsYXlvdXQiOiJwcmltYXJ5In0=&#8221;][vc_empty_space][vc_row_inner content_placement=&#8221;middle&#8221;][vc_column_inner width=&#8221;1\/2&#8243;][vc_single_image image=&#8221;830&#8243; alignment=&#8221;center&#8221; onclick=&#8221;custom_link&#8221; img_link_target=&#8221;_blank&#8221; link=&#8221;https:\/\/armut.com\/hizmetveren\/bandirma-elektrik-balikesir-bandirma-elektrikci_2154261&#8243;][\/vc_column_inner][vc_column_inner width=&#8221;1\/2&#8243; css=&#8221;.vc_custom_1584993726879{background-position: center !important;background-repeat: no-repeat !important;background-size: cover !important;}&#8221;][vc_column_text css=&#8221;.vc_custom_1704717830195{padding-top: 20px !important;}&#8221;]Band\u0131rma Elektrik 7 G\u00fcn 24 Saat hizmet veren tek elektrik\u00e7idir. Bir \u00e7ok firma ad\u0131m\u0131z\u0131 kullanarak piyasada i\u015f yapmakta olup Band\u0131rma Elektrik logosu ve Markas\u0131 Tescillidir ve herhangi ba\u015fka \u015fubesi yoktur. Firmam\u0131z\u0131n yapt\u0131\u011f\u0131 t\u00fcm i\u015fler garantili olarak yap\u0131lmaktad\u0131r. Elektrik i\u015fleri kesinlikle ge\u00e7ici olarak i\u015fin ehli olmayan \u015fah\u0131slar taraf\u0131ndan yap\u0131lacak bir i\u015f de\u011fildir. Bir \u00e7ok haberde duydu\u011fumuz &#8221; Elektrik Konta\u011f\u0131ndan Yang\u0131n \u00c7\u0131kt\u0131 &#8221; c\u00fcmleleri i\u015fin ehli olmayan seyyar elektrik\u00e7iler taraf\u0131ndan yap\u0131lmaktad\u0131r. Elektrikle ilgili ba\u015f\u0131n\u0131z s\u0131k\u0131\u015ft\u0131\u011f\u0131 her anda Band\u0131rma Elektrik bir telefon kadar yan\u0131n\u0131zda olacakt\u0131r. <a href=\"tel:05055668751\">0505 566 8751<\/a> numaral\u0131 telefondan hemen elektrik\u00e7i isteyebilirsiniz. Ev, \u0130\u015fyeri, Apartman, Site elektrik tesisat\u0131 ar\u0131za giderme, bak\u0131m ve onar\u0131m\u0131, led ayd\u0131nlatma i\u015fleri, televizyon montaj\u0131, merkezi uydu sistemi kurulumu, telekom adsl internet hatt\u0131 ba\u011flama ve kablo \u00e7ekimi, avize montaj\u0131, korni\u015f tak\u0131m\u0131, ayd\u0131nlatma sistemleri, elektrik ar\u0131za servisi, g\u00f6r\u00fcnt\u00fcl\u00fc ve sesli diyafon sistemleri, topraklama tesisat\u0131 kurulumu, paratoner sistemi kurulum ve bak\u0131mlar\u0131, telefon tesisat\u0131, yang\u0131n ihbar sistemleri, g\u00fcvenlik kameras\u0131 montaj bak\u0131m ve devreye alma, h\u0131rs\u0131z alarm montaj\u0131 ve bak\u0131m\u0131, kartl\u0131 ge\u00e7i\u015f sistemleri, elektrik panolar\u0131 montaj ve bak\u0131m\u0131, kompanzasyon panosu montaj bak\u0131m ve devreye alma, elektrik malzemeleri sat\u0131\u015f ve servisi, y\u00fcksek gerilim tesisleri gibi i\u015flerde Band\u0131rma Elektrik Her Zaman Yan\u0131n\u0131zda Olacak.[\/vc_column_text][\/vc_column_inner][\/vc_row_inner][vc_row_inner][vc_column_inner width=&#8221;1\/3&#8243;]\t\t<div class=\"service style4 \">\n\t\t\t\t\t\t  <div class=\"title-wrap\">\n          <h4>7\/24 Ar\u0131za Servisi<\/h4><span class=\"step-number\">01<\/span><div class=\"content\"><p>7 G\u00fcn 24 Saat acil elektrik\u00e7iye ihtiyac\u0131n\u0131z oldu\u011fu her anda Band\u0131rma Elektrik Yan\u0131n\u0131zda. <a href=\"tel:05055668751\">0505 566 8751<\/a> numaral\u0131 telefondan hemen bize ula\u015fabilir i\u015finin ehli, sertifikal\u0131, ehliyetli, TEDA\u015e ve TE\u0130A\u015e onayl\u0131 Elektrik Kuvvetli Ak\u0131m Tesislerinde Y\u00fcksek Gerilim Alt\u0131nda \u00c7al\u0131\u015fma Belgesine sahip personellerimizi hemen Yollayarak ar\u0131zan\u0131z\u0131 an\u0131nda \u00e7\u00f6zelim.<\/p>\n<\/div>          <\/div>\n\t\t<\/div>\n        <div class=\"clearfix\"><\/div>\n    [\/vc_column_inner][vc_column_inner width=&#8221;1\/3&#8243;]\t\t<div class=\"service style4 \">\n\t\t\t\t\t\t  <div class=\"title-wrap\">\n          <h4>Bak\u0131m &amp; Onar\u0131m<\/h4><span class=\"step-number\">02<\/span><div class=\"content\"><p>Ev ve \u0130\u015f yerinizdeki elektrikli aletlerinizin ve elektrik tesisat\u0131n\u0131z\u0131n periyodik bak\u0131mlar\u0131 i\u00e7in<a href=\"tel:05055668751\">0505 566 8751<\/a> numaral\u0131 telefondan bilgi alabilir, band\u0131rman\u0131n en iyi teknik servisiyle tan\u0131\u015fma f\u0131rsat\u0131n\u0131 yakalayabilirsiniz.<\/p>\n<\/div>          <\/div>\n\t\t<\/div>\n        <div class=\"clearfix\"><\/div>\n    [\/vc_column_inner][vc_column_inner width=&#8221;1\/3&#8243;]\t\t<div class=\"service style4 \">\n\t\t\t\t\t\t  <div class=\"title-wrap\">\n          <h4>Malzeme &amp; Ekipman Sat\u0131\u015f\u0131<\/h4><span class=\"step-number\">03<\/span><div class=\"content\"><p>\u00c7ok uygun fiyatlar\u0131m\u0131zla Band\u0131rmada rakibimiz YOK. Her t\u00fcrl\u00fc elektrik malzemesi ve ekipmanlar\u0131n\u0131n sat\u0131\u015f\u0131n\u0131 da yapmaktay\u0131z. Sat\u0131\u015f\u0131n\u0131 yapt\u0131\u011f\u0131m\u0131z t\u00fcm \u00fcr\u00fcnler faturalar\u0131 kesilerek size teslim edilir ve 2 y\u0131l boyunca garantilidir.<\/p>\n<\/div>          <\/div>\n\t\t<\/div>\n        <div class=\"clearfix\"><\/div>\n    [\/vc_column_inner][\/vc_row_inner][\/vc_column][\/vc_row][vc_row][vc_column][vc_empty_space][vc_separator color=&#8221;purple&#8221; border_width=&#8221;3&#8243;][vc_row_inner][vc_column_inner width=&#8221;1\/2&#8243;][vc_column_text]<a href=\"https:\/\/bandirmaelektrik.com\/?page_id=1275\"><strong>Kayan Yaz\u0131 LED Tabela \u0130malat\u0131 ve Ar\u0131za Tamiri<\/strong><\/a><\/p>\n<p>Kayan yaz\u0131 LED tabelalar\u0131 i\u00e7in \u00f6zel tasar\u0131m ve \u00fcretim hizmetimizle i\u015fletmenizin dikkat \u00e7ekici bir g\u00f6r\u00fcn\u00fcme sahip olmas\u0131n\u0131 sa\u011fl\u0131yoruz. Ayr\u0131ca, ar\u0131za durumlar\u0131nda uzman teknik ekibimizle h\u0131zl\u0131 ve g\u00fcvenilir tamir hizmeti sunuyoruz. Hemen Bize Ula\u015fmak \u0130\u00e7in Telefon Numaram\u0131z: \u00a0<a href=\"tel:05055668751\">0505 566 8751<\/a>[\/vc_column_text][\/vc_column_inner][vc_column_inner width=&#8221;1\/2&#8243;][vc_single_image image=&#8221;1276&#8243; img_size=&#8221;large&#8221;][\/vc_column_inner][\/vc_row_inner][\/vc_column][vc_column][\/vc_column][\/vc_row][vc_row el_class=&#8221;bg-light-grey&#8221;][vc_column offset=&#8221;vc_hidden-xs&#8221;][vc_empty_space][vc_row_inner content_placement=&#8221;middle&#8221;][vc_column_inner width=&#8221;1\/2&#8243; offset=&#8221;vc_hidden-xs&#8221;][vc_column_text]<\/p>\n<h4><span style=\"color: #999999;\">Kalite, Uygun Fiyat, M\u00fcthi\u015f Zamanlama<\/span><\/h4>\n<h3 style=\"font-size: 45px; line-height: 45px; font-weight: bold;\">Band\u0131rma Elektrik<\/h3>\n<h2>7\/24 Band\u0131rma Elektrik\u00e7i Hizmeti<\/h2>\n<p>Elektrik Ar\u0131za Servis alan\u0131nda y\u0131llard\u0131r hizmet vermekte olan Band\u0131rma Elektrik ailesi olarak, Band\u0131rma, Manyas, G\u00f6nen, Erdek ve \u00e7evresine elektrik\u00e7i hizmeti vermekteyiz. Evler, okullar, i\u015f yerleri, al\u0131\u015fveri\u015f merkezleri, resmi kurum ve kurulu\u015flar, bankalar, hastaneler gibi bir\u00e7ok alanda tecr\u00fcbeli elektrik\u00e7i ekip kadromuz ile 7\/24 elektrik servis hizmeti sa\u011flamaktay\u0131z.<\/p>\n<p>Band\u0131rma, Erdek, G\u00f6nen, Manyas ve \u00e7evresindeki her semte ve soka\u011fa hizmet g\u00f6t\u00fcren firmam\u0131z\u0131n de\u011ferli Band\u0131rma elektrik \u00e7al\u0131\u015fanlar\u0131, mevcut olan ar\u0131zan\u0131z\u0131 en h\u0131zl\u0131 ve do\u011fru \u015fekilde tespit ederek, ar\u0131zay\u0131 gidermektedir.<\/p>\n<h2>Elektrik Ar\u0131zas\u0131nda Deneyimli Bir Firma Ar\u0131yorsan\u0131z Adres: Band\u0131rma Elektrik<strong><br \/>\n<\/strong><\/h2>\n<p>Sekt\u00f6rdeki en geli\u015fmi\u015f ve deneyimli elektrik\u00e7i firmalar\u0131ndan biri olan Band\u0131rma Elektrik, uzun zamand\u0131r aktif olarak hizmet sunmaktad\u0131r. Her daim kaliteli ve g\u00fcvenli bir hizmet anlay\u0131\u015f\u0131 ile ilerleyen Band\u0131rma elektrik, acil elektrik\u00e7i arayan herkese hizmet vermekte olup arkas\u0131nda daima g\u00fclen y\u00fczler b\u0131rakm\u0131\u015ft\u0131r.<\/p>\n<h3>Band\u0131rma&#8217;n\u0131n Her Soka\u011f\u0131na Hizmet G\u00f6t\u00fcr\u00fcyoruz<strong><br \/>\n<\/strong><\/h3>\n<p>Band\u0131rma b\u00f6lgesinde acil elektrik\u00e7i mi ar\u0131yorsunuz? Ya da uzman bir elektrik\u00e7iye mi ihtiyac\u0131n\u0131z var? Band\u0131rma Elektrik, siz de\u011ferli m\u00fc\u015fterilerine, her b\u00f6lge ve soka\u011fa elektrik ar\u0131za hizmet servisi g\u00f6t\u00fcrmektedir.<\/p>\n<p><strong>Band\u0131rma, Erdek, G\u00f6nen, Manyas <\/strong>b\u00f6lgesinde\u00a0<strong>Acil elektrik\u00e7i<\/strong> ar\u0131yor yada uzman elektrik\u00e7i ye ihtiyac\u0131n\u0131z m\u0131 var ? firmam\u0131z ile hemen ileti\u015fime ge\u00e7iniz. Tel:<a href=\"tel:05055668751\">0505 566 8751<\/a>[\/vc_column_text][\/vc_column_inner][vc_column_inner width=&#8221;1\/2&#8243; offset=&#8221;vc_hidden-xs&#8221;][vc_single_image image=&#8221;1028&#8243; img_size=&#8221;medium&#8221; alignment=&#8221;center&#8221; onclick=&#8221;custom_link&#8221; img_link_target=&#8221;_blank&#8221; link=&#8221;https:\/\/www.facebook.com\/bandirmaelektrik&#8221;][vc_empty_space][vc_single_image image=&#8221;1062&#8243; img_size=&#8221;medium&#8221; alignment=&#8221;center&#8221; onclick=&#8221;custom_link&#8221; img_link_target=&#8221;_blank&#8221; link=&#8221;https:\/\/www.instagram.com\/bandirmaelektrik\/&#8221;][vc_empty_space][vc_single_image image=&#8221;1063&#8243; img_size=&#8221;medium&#8221; alignment=&#8221;center&#8221; onclick=&#8221;custom_link&#8221; img_link_target=&#8221;_blank&#8221; link=&#8221;https:\/\/twitter.com\/banelektrik&#8221;][vc_empty_space][vc_single_image image=&#8221;1064&#8243; img_size=&#8221;medium&#8221; alignment=&#8221;center&#8221; onclick=&#8221;custom_link&#8221; img_link_target=&#8221;_blank&#8221; link=&#8221;https:\/\/tr.pinterest.com\/bandirmaelektrik\/&#8221;][\/vc_column_inner][\/vc_row_inner][vc_separator][vc_row_inner][vc_column_inner]\t\t<div class=\"service style1 \">\n\t\t\t\t<div class=\"icon-wrap\"><i class=\"icon-presentation\"><\/i><\/div>\t\t  <div class=\"title-wrap\">\n          <h4>\u00dccretsiz Ke\u015fif<\/h4><span class=\"step-number\"><\/span><div class=\"content\"><p>T\u00fcm ar\u0131za ve Montaj Taleplerinizde \u00dccretsiz Ke\u015fif Hizmetimizden Yararlanabilirsiniz.<\/p>\n<\/div>          <\/div>\n\t\t<\/div>\n        <div class=\"clearfix\"><\/div>\n    \t\t<div class=\"service style1 \">\n\t\t\t\t<div class=\"icon-wrap\"><i class=\"icon-wallet\"><\/i><\/div>\t\t  <div class=\"title-wrap\">\n          <h4>Uygun ve \u015eeffaf Fiyat Politikas\u0131<\/h4><span class=\"step-number\"><\/span><div class=\"content\"><p>\u0130\u015finizde kullan\u0131lacak t\u00fcm malzemeler ve i\u015f\u00e7ilik en uygun olacak \u015fekilde \u015feffaf olarak fiyatland\u0131r\u0131l\u0131r ve \u00f6nden size bildirilir. \u0130stedi\u011finiz \u00d6deme y\u00f6ntemiyle i\u015f bitiminde \u00f6deme al\u0131n\u0131r.<\/p>\n<\/div>          <\/div>\n\t\t<\/div>\n        <div class=\"clearfix\"><\/div>\n    \t\t<div class=\"service style1 sec-service\">\n\t\t\t\t<div class=\"icon-wrap\"><i class=\"icon-happy\"><\/i><\/div>\t\t  <div class=\"title-wrap\">\n          <h4>Mutlu M\u00fc\u015fteriler<\/h4><span class=\"step-number\"><\/span><div class=\"content\"><p>\u0130\u015fi zaman\u0131nda ve g\u00fcler y\u00fczl\u00fc tamaml\u0131yoruz. Hem siz hem biz mutlu ayr\u0131l\u0131yoruz.<\/p>\n<\/div>          <\/div>\n\t\t<\/div>\n        <div class=\"clearfix\"><\/div>\n    [\/vc_column_inner][\/vc_row_inner][\/vc_column][\/vc_row][vc_row el_class=&#8221;bg-light-grey&#8221;][vc_column][vc_column_text]<\/p>\n<h3 style=\"text-align: center;\">Bizimle Hemen \u0130leti\u015fime Ge\u00e7mek \u0130\u00e7in&#8230;.<\/h3>\n<p>[\/vc_column_text][hala_button element_id=&#8221;1482159260548-096dcdce-5fd4&#8243; template=&#8221;eyJ0ZW1wbGF0ZSI6ImRlZmF1bHQucGhwIiwibGluayI6eyJ0ZXh0IjoiSGVtZW4gQXJhIiwidXJsIjoidGVsOjA1MDU1NjY4NzUxIn0sImljb25fZm9udF9jbGFzcyI6ImZhIGZhLWFuZ2xlLXJpZ2h0Iiwic2l6ZSI6Im1lZGl1bSIsInBvc2l0aW9uIjoidGV4dC1jZW50ZXIiLCJwb3NpdGlvbl9pY29uIjoibGVmdCIsImxheW91dCI6InByaW1hcnkifQ==&#8221;][\/vc_column][\/vc_row][vc_row css=&#8221;.vc_custom_1482157467036{padding-top: 90px !important;padding-bottom: 90px !important;}&#8221;][vc_column width=&#8221;1\/2&#8243;][vc_progress_bar values=&#8221;%5B%7B%22label%22%3A%22M%C3%BC%C5%9Fteri%20Say%C4%B1m%C4%B1z%22%2C%22value%22%3A%22896%22%7D%2C%7B%22label%22%3A%22Sat%C4%B1%C5%9F%20Adedimiz%22%2C%22value%22%3A%221245%22%7D%5D&#8221; el_class=&#8221;bt-progress-style4&#8243; units=&#8221;Adet&#8221;][\/vc_column][vc_column width=&#8221;1\/2&#8243;][vc_progress_bar values=&#8221;%5B%7B%22label%22%3A%22D%C3%B6n%C3%BC%C5%9F%C3%BCm%20Say%C4%B1m%C4%B1z%22%2C%22value%22%3A%22115%22%7D%2C%7B%22label%22%3A%22Kurulan%20G%C3%BCvenlik%20Kamera%20Sistemleri%22%2C%22value%22%3A%22127%22%7D%5D&#8221; el_class=&#8221;bt-progress-style4&#8243; units=&#8221;Adet&#8221;][\/vc_column][\/vc_row][vc_row css=&#8221;.vc_custom_1482159746736{padding-top: 90px !important;padding-bottom: 90px !important;}&#8221;][vc_column][hala_clientlogo images=&#8221;783,784,785,786,788,789,791,793,790,787&#8243; element_id=&#8221;1482159768067-e8197ffd-024a&#8221; template=&#8221;eyJ0ZW1wbGF0ZSI6ImdyaWQucGhwIiwiaGVpZ2h0IjoiOTBweCIsInBhZGRpbmciOiIzMHB4IiwiY29sdW1ucyI6IjUiLCJsYXlvdXRfaXRlbSI6ImRlZmF1bHQifQ==&#8221;][\/vc_column][\/vc_row]<\/p>\n","protected":false},"excerpt":{"rendered":"<p>[vc_row full_width=&#8221;stretch_row_content&#8221;][vc_column][rev_slider_vc alias=&#8221;yedek&#8221;][\/vc_column][\/vc_row][vc_row css=&#8221;.vc_custom_1703093859653{padding-top: 10px !important;padding-bottom: 10px !important;}&#8221;][vc_column][vc_single_image image=&#8221;1076&#8243; alignment=&#8221;center&#8221;][hala_button element_id=&#8221;1587247780982-238d08ea-0184&#8243; template=&#8221;eyJ0ZW1wbGF0ZSI6ImRlZmF1bHQucGhwIiwibGluayI6eyJ0ZXh0IjoiUkVGRVJBTlNMQVJJTUlaIiwidXJsIjoiaHR0cDovL2JhbmRpcm1hZWxla3RyaWsuY29tLz9wYWdlX2lkPTEwNzIifSwiaWNvbl9mb250X2NsYXNzIjoiaGFuZHNoYWtlIiwic2l6ZSI6Im1lZGl1bSIsInBvc2l0aW9uIjoidGV4dC1jZW50ZXIiLCJwb3NpdGlvbl9pY29uIjoicmlnaHQiLCJsYXlvdXQiOiJwcmltYXJ5In0=&#8221;][vc_empty_space][vc_row_inner content_placement=&#8221;middle&#8221;][vc_column_inner width=&#8221;1\/2&#8243;][vc_single_image image=&#8221;830&#8243; alignment=&#8221;center&#8221; onclick=&#8221;custom_link&#8221; img_link_target=&#8221;_blank&#8221; link=&#8221;https:\/\/armut.com\/hizmetveren\/bandirma-elektrik-balikesir-bandirma-elektrikci_2154261&#8243;][\/vc_column_inner][vc_column_inner width=&#8221;1\/2&#8243; css=&#8221;.vc_custom_1584993726879{background-position: center !important;background-repeat: no-repeat !important;background-size: cover !important;}&#8221;][vc_column_text css=&#8221;.vc_custom_1704717830195{padding-top: 20px !important;}&#8221;]Band\u0131rma Elektrik 7 G\u00fcn 24 Saat hizmet veren tek elektrik\u00e7idir. Bir \u00e7ok firma ad\u0131m\u0131z\u0131 kullanarak piyasada i\u015f yapmakta olup Band\u0131rma Elektrik logosu ve Markas\u0131 Tescillidir ve [&hellip;]<\/p>\n","protected":false},"author":1,"featured_media":830,"parent":0,"menu_order":0,"comment_status":"closed","ping_status":"closed","template":"page-NoTitleBar.php","meta":{"footnotes":""},"class_list":["post-980","page","type-page","status-publish","has-post-thumbnail","hentry"],"yoast_head":"<!-- This site is optimized with the Yoast SEO plugin v26.4 - https:\/\/yoast.com\/wordpress\/plugins\/seo\/ -->\n<title>AnaSayfa - Band\u0131rma Elektrik &amp; Elektronik &amp; Bili\u015fim<\/title>\n<meta name=\"description\" content=\"Band\u0131rma, Erdek, G\u00f6nen, Manyas ve \u00e7evresinde 7\/24 hizmet veren elektrik\u00e7iniz Band\u0131rma Elektrik. Elektrik Ar\u0131za, G\u00fcvenlik Kameras\u0131, \u0130nternet Ba\u011flant\u0131s\u0131.\" \/>\n<meta name=\"robots\" content=\"index, follow, max-snippet:-1, max-image-preview:large, max-video-preview:-1\" \/>\n<link rel=\"canonical\" href=\"https:\/\/bandirmaelektrik.com\/\" \/>\n<meta property=\"og:locale\" content=\"tr_TR\" \/>\n<meta property=\"og:type\" content=\"article\" \/>\n<meta property=\"og:title\" content=\"AnaSayfa - Band\u0131rma Elektrik &amp; Elektronik &amp; Bili\u015fim\" \/>\n<meta property=\"og:description\" content=\"Band\u0131rma, Erdek, G\u00f6nen, Manyas ve \u00e7evresinde 7\/24 hizmet veren elektrik\u00e7iniz Band\u0131rma Elektrik. Elektrik Ar\u0131za, G\u00fcvenlik Kameras\u0131, \u0130nternet Ba\u011flant\u0131s\u0131.\" \/>\n<meta property=\"og:url\" content=\"https:\/\/bandirmaelektrik.com\/\" \/>\n<meta property=\"og:site_name\" content=\"Band\u0131rma Elektrik &amp; Elektronik &amp; Bili\u015fim\" \/>\n<meta property=\"article:modified_time\" content=\"2024-04-22T15:19:49+00:00\" \/>\n<meta property=\"og:image\" content=\"https:\/\/bandirmaelektrik.com\/wp-content\/uploads\/2020\/03\/512x512.jpg\" \/>\n\t<meta property=\"og:image:width\" content=\"512\" \/>\n\t<meta property=\"og:image:height\" content=\"512\" \/>\n\t<meta property=\"og:image:type\" content=\"image\/jpeg\" \/>\n<meta name=\"twitter:card\" content=\"summary_large_image\" \/>\n<meta name=\"twitter:label1\" content=\"Tahmini okuma s\u00fcresi\" \/>\n\t<meta name=\"twitter:data1\" content=\"7 dakika\" \/>\n<script type=\"application\/ld+json\" class=\"yoast-schema-graph\">{\"@context\":\"https:\/\/schema.org\",\"@graph\":[{\"@type\":\"WebPage\",\"@id\":\"https:\/\/bandirmaelektrik.com\/\",\"url\":\"https:\/\/bandirmaelektrik.com\/\",\"name\":\"AnaSayfa - Band\u0131rma Elektrik &amp; Elektronik &amp; Bili\u015fim\",\"isPartOf\":{\"@id\":\"https:\/\/bandirmaelektrik.com\/#website\"},\"primaryImageOfPage\":{\"@id\":\"https:\/\/bandirmaelektrik.com\/#primaryimage\"},\"image\":{\"@id\":\"https:\/\/bandirmaelektrik.com\/#primaryimage\"},\"thumbnailUrl\":\"https:\/\/bandirmaelektrik.com\/wp-content\/uploads\/2020\/03\/512x512.jpg\",\"datePublished\":\"2020-03-22T21:07:54+00:00\",\"dateModified\":\"2024-04-22T15:19:49+00:00\",\"description\":\"Band\u0131rma, Erdek, G\u00f6nen, Manyas ve \u00e7evresinde 7\/24 hizmet veren elektrik\u00e7iniz Band\u0131rma Elektrik. Elektrik Ar\u0131za, G\u00fcvenlik Kameras\u0131, \u0130nternet Ba\u011flant\u0131s\u0131.\",\"breadcrumb\":{\"@id\":\"https:\/\/bandirmaelektrik.com\/#breadcrumb\"},\"inLanguage\":\"tr\",\"potentialAction\":[{\"@type\":\"ReadAction\",\"target\":[\"https:\/\/bandirmaelektrik.com\/\"]}]},{\"@type\":\"ImageObject\",\"inLanguage\":\"tr\",\"@id\":\"https:\/\/bandirmaelektrik.com\/#primaryimage\",\"url\":\"https:\/\/bandirmaelektrik.com\/wp-content\/uploads\/2020\/03\/512x512.jpg\",\"contentUrl\":\"https:\/\/bandirmaelektrik.com\/wp-content\/uploads\/2020\/03\/512x512.jpg\",\"width\":512,\"height\":512},{\"@type\":\"BreadcrumbList\",\"@id\":\"https:\/\/bandirmaelektrik.com\/#breadcrumb\",\"itemListElement\":[{\"@type\":\"ListItem\",\"position\":1,\"name\":\"Ana sayfa\",\"item\":\"https:\/\/bandirmaelektrik.com\/\"},{\"@type\":\"ListItem\",\"position\":2,\"name\":\"AnaSayfa\"}]},{\"@type\":\"WebSite\",\"@id\":\"https:\/\/bandirmaelektrik.com\/#website\",\"url\":\"https:\/\/bandirmaelektrik.com\/\",\"name\":\"Band\u0131rma Elektrik &amp; Elektronik &amp; Bili\u015fim\",\"description\":\"7\/24 Band\u0131rma Elektrik&ccedil;i\",\"publisher\":{\"@id\":\"https:\/\/bandirmaelektrik.com\/#organization\"},\"potentialAction\":[{\"@type\":\"SearchAction\",\"target\":{\"@type\":\"EntryPoint\",\"urlTemplate\":\"https:\/\/bandirmaelektrik.com\/?s={search_term_string}\"},\"query-input\":{\"@type\":\"PropertyValueSpecification\",\"valueRequired\":true,\"valueName\":\"search_term_string\"}}],\"inLanguage\":\"tr\"},{\"@type\":\"Organization\",\"@id\":\"https:\/\/bandirmaelektrik.com\/#organization\",\"name\":\"Band\u0131rma Elektrik\",\"url\":\"https:\/\/bandirmaelektrik.com\/\",\"logo\":{\"@type\":\"ImageObject\",\"inLanguage\":\"tr\",\"@id\":\"https:\/\/bandirmaelektrik.com\/#\/schema\/logo\/image\/\",\"url\":\"https:\/\/bandirmaelektrik.com\/wp-content\/uploads\/2020\/03\/logo2.png\",\"contentUrl\":\"https:\/\/bandirmaelektrik.com\/wp-content\/uploads\/2020\/03\/logo2.png\",\"width\":140,\"height\":49,\"caption\":\"Band\u0131rma Elektrik\"},\"image\":{\"@id\":\"https:\/\/bandirmaelektrik.com\/#\/schema\/logo\/image\/\"}}]}<\/script>\n<!-- \/ Yoast SEO plugin. -->","yoast_head_json":{"title":"AnaSayfa - Band\u0131rma Elektrik &amp; Elektronik &amp; Bili\u015fim","description":"Band\u0131rma, Erdek, G\u00f6nen, Manyas ve \u00e7evresinde 7\/24 hizmet veren elektrik\u00e7iniz Band\u0131rma Elektrik. Elektrik Ar\u0131za, G\u00fcvenlik Kameras\u0131, \u0130nternet Ba\u011flant\u0131s\u0131.","robots":{"index":"index","follow":"follow","max-snippet":"max-snippet:-1","max-image-preview":"max-image-preview:large","max-video-preview":"max-video-preview:-1"},"canonical":"https:\/\/bandirmaelektrik.com\/","og_locale":"tr_TR","og_type":"article","og_title":"AnaSayfa - Band\u0131rma Elektrik &amp; Elektronik &amp; Bili\u015fim","og_description":"Band\u0131rma, Erdek, G\u00f6nen, Manyas ve \u00e7evresinde 7\/24 hizmet veren elektrik\u00e7iniz Band\u0131rma Elektrik. Elektrik Ar\u0131za, G\u00fcvenlik Kameras\u0131, \u0130nternet Ba\u011flant\u0131s\u0131.","og_url":"https:\/\/bandirmaelektrik.com\/","og_site_name":"Band\u0131rma Elektrik &amp; Elektronik &amp; Bili\u015fim","article_modified_time":"2024-04-22T15:19:49+00:00","og_image":[{"width":512,"height":512,"url":"https:\/\/bandirmaelektrik.com\/wp-content\/uploads\/2020\/03\/512x512.jpg","type":"image\/jpeg"}],"twitter_card":"summary_large_image","twitter_misc":{"Tahmini okuma s\u00fcresi":"7 dakika"},"schema":{"@context":"https:\/\/schema.org","@graph":[{"@type":"WebPage","@id":"https:\/\/bandirmaelektrik.com\/","url":"https:\/\/bandirmaelektrik.com\/","name":"AnaSayfa - Band\u0131rma Elektrik &amp; Elektronik &amp; Bili\u015fim","isPartOf":{"@id":"https:\/\/bandirmaelektrik.com\/#website"},"primaryImageOfPage":{"@id":"https:\/\/bandirmaelektrik.com\/#primaryimage"},"image":{"@id":"https:\/\/bandirmaelektrik.com\/#primaryimage"},"thumbnailUrl":"https:\/\/bandirmaelektrik.com\/wp-content\/uploads\/2020\/03\/512x512.jpg","datePublished":"2020-03-22T21:07:54+00:00","dateModified":"2024-04-22T15:19:49+00:00","description":"Band\u0131rma, Erdek, G\u00f6nen, Manyas ve \u00e7evresinde 7\/24 hizmet veren elektrik\u00e7iniz Band\u0131rma Elektrik. Elektrik Ar\u0131za, G\u00fcvenlik Kameras\u0131, \u0130nternet Ba\u011flant\u0131s\u0131.","breadcrumb":{"@id":"https:\/\/bandirmaelektrik.com\/#breadcrumb"},"inLanguage":"tr","potentialAction":[{"@type":"ReadAction","target":["https:\/\/bandirmaelektrik.com\/"]}]},{"@type":"ImageObject","inLanguage":"tr","@id":"https:\/\/bandirmaelektrik.com\/#primaryimage","url":"https:\/\/bandirmaelektrik.com\/wp-content\/uploads\/2020\/03\/512x512.jpg","contentUrl":"https:\/\/bandirmaelektrik.com\/wp-content\/uploads\/2020\/03\/512x512.jpg","width":512,"height":512},{"@type":"BreadcrumbList","@id":"https:\/\/bandirmaelektrik.com\/#breadcrumb","itemListElement":[{"@type":"ListItem","position":1,"name":"Ana sayfa","item":"https:\/\/bandirmaelektrik.com\/"},{"@type":"ListItem","position":2,"name":"AnaSayfa"}]},{"@type":"WebSite","@id":"https:\/\/bandirmaelektrik.com\/#website","url":"https:\/\/bandirmaelektrik.com\/","name":"Band\u0131rma Elektrik &amp; Elektronik &amp; Bili\u015fim","description":"7\/24 Band\u0131rma Elektrik&ccedil;i","publisher":{"@id":"https:\/\/bandirmaelektrik.com\/#organization"},"potentialAction":[{"@type":"SearchAction","target":{"@type":"EntryPoint","urlTemplate":"https:\/\/bandirmaelektrik.com\/?s={search_term_string}"},"query-input":{"@type":"PropertyValueSpecification","valueRequired":true,"valueName":"search_term_string"}}],"inLanguage":"tr"},{"@type":"Organization","@id":"https:\/\/bandirmaelektrik.com\/#organization","name":"Band\u0131rma Elektrik","url":"https:\/\/bandirmaelektrik.com\/","logo":{"@type":"ImageObject","inLanguage":"tr","@id":"https:\/\/bandirmaelektrik.com\/#\/schema\/logo\/image\/","url":"https:\/\/bandirmaelektrik.com\/wp-content\/uploads\/2020\/03\/logo2.png","contentUrl":"https:\/\/bandirmaelektrik.com\/wp-content\/uploads\/2020\/03\/logo2.png","width":140,"height":49,"caption":"Band\u0131rma Elektrik"},"image":{"@id":"https:\/\/bandirmaelektrik.com\/#\/schema\/logo\/image\/"}}]}},"_links":{"self":[{"href":"https:\/\/bandirmaelektrik.com\/index.php?rest_route=\/wp\/v2\/pages\/980","targetHints":{"allow":["GET"]}}],"collection":[{"href":"https:\/\/bandirmaelektrik.com\/index.php?rest_route=\/wp\/v2\/pages"}],"about":[{"href":"https:\/\/bandirmaelektrik.com\/index.php?rest_route=\/wp\/v2\/types\/page"}],"author":[{"embeddable":true,"href":"https:\/\/bandirmaelektrik.com\/index.php?rest_route=\/wp\/v2\/users\/1"}],"replies":[{"embeddable":true,"href":"https:\/\/bandirmaelektrik.com\/index.php?rest_route=%2Fwp%2Fv2%2Fcomments&post=980"}],"version-history":[{"count":77,"href":"https:\/\/bandirmaelektrik.com\/index.php?rest_route=\/wp\/v2\/pages\/980\/revisions"}],"predecessor-version":[{"id":1281,"href":"https:\/\/bandirmaelektrik.com\/index.php?rest_route=\/wp\/v2\/pages\/980\/revisions\/1281"}],"wp:featuredmedia":[{"embeddable":true,"href":"https:\/\/bandirmaelektrik.com\/index.php?rest_route=\/wp\/v2\/media\/830"}],"wp:attachment":[{"href":"https:\/\/bandirmaelektrik.com\/index.php?rest_route=%2Fwp%2Fv2%2Fmedia&parent=980"}],"curies":[{"name":"wp","href":"https:\/\/api.w.org\/{rel}","templated":true}]}}